?
2, 19
Let n(g) = -3*g**3 - 8*g**2 - 142*g - 17. What are the prime factors of n(-12)?
7, 19, 43
Let n = 60 + -140. What are the prime factors of (24/2)/(n/(-1640))?
2, 3, 41
Suppose -39 + 102 = 9*j. What are the prime factors of (-2320)/6*((-77)/(-14) - j)?
2, 5, 29
Let v(z) = 7059*z - 3344. What are the prime factors of v(4)?
2, 7, 127
Let j(h) = h**3 + h**2 + h. Let d be j(1). Suppose -d*k - 4*p = -1334 - 2110, -4*k = -p - 4573. What are the prime factors of k?
2, 11, 13
Suppose -108*m + 21 = -101*m. Suppose 0 = y, m*b + 4*y = 5*y + 639. What are the prime factors of b?
3, 71
Let p = -131 + 135. Suppose -5*u + 583 = 5*o - 6*o, 5*u + p*o = 568. List the prime factors of u.
2, 29
Let j be (-258)/(-10) - 5/(-25). Suppose -3*d + 2*n - 17 = j, 0 = -d - 4*n - 5. List the prime factors of (-135 + 1)/(-15 - d).
67
Let w(r) be the third derivative of -r**5/30 - 7*r**4/12 - 5*r**3/3 + 11*r**2. Let l be w(-6). Suppose 0 = -l*z + 36 + 42. What are the prime factors of z?
3, 13
Let p(j) = -4*j**2 + 131*j - 13. Suppose 0 = 58*s - 41*s - 510. What are the prime factors of p(s)?
317
Suppose -22 = 2*p - 10, 5*i - 73632 = -3*p. List the prime factors of i.
2, 3, 5, 491
Let m be 6/((-168)/(-23807))*4. Let z = -2399 + m. What are the prime factors of z?
2, 3, 167
Let k = 18 + -28. Let n be 588 + 3/(15/k). Suppose 5*q + 0*a - n = -2*a, 2*q + 2*a - 238 = 0. List the prime factors of q.
2, 29
Let h = -22527 - -55899. What are the prime factors of h?
2, 3, 103
Suppose -w = 4*i + 10423, 10*w - 8*w + 7811 = -3*i. List the prime factors of (i - 0)*(-4)/12.
11, 79
Let y = 2393 + -634. List the prime factors of y.
1759
Let n = -102 - -102. Suppose 3*w = -n*w - 12, -2014 = -t - 4*w. Suppose -t = -19*x + 5*x. What are the prime factors of x?
5, 29
Let a(u) be the second derivative of -107*u**3/6 - u**2 + 33*u. Let w be a(-3). Suppose 2*c = 3*n - 3*c - w, 3*n + 5*c = 359. List the prime factors of n.
113
Let r(o) = 6*o**2 - 19*o + 58. Let g be r(13). List the prime factors of g*3*(-2)/(-6).
3, 5, 11
Suppose 13*z = 5*o + 8*z - 146290, -2*o + 58523 = 5*z. List the prime factors of o.
3, 3251
Let c = 16082 - -1216. List the prime factors of c.
2, 3, 31
Suppose 143 = -9*v - 208. Let l = v + 42. Suppose -l*j + 3*g + 429 = 0, -g + 401 + 36 = 3*j. What are the prime factors of j?
5, 29
Let n be (1/4 - (-4)/(-16))/(-1). What are the prime factors of -45*(n - (-4)/((-24)/70))?
3, 5, 7
Let g(s) = 28*s + 7*s**2 - 7*s - 10 - 7 + 3*s**2 - 11. List the prime factors of g(9).
971
Let a be (0/15)/(1*2). Suppose a = 18*r - 15*r - 291. Suppose -21*z + r = -20*z. What are the prime factors of z?
97
Suppose -2*d = d - 2124. Suppose 0*i + 6*i + d = 0. Let k = -9 - i. List the prime factors of k.
109
Let c(z) be the first derivative of -12*z**2 + 44*z + 84. List the prime factors of c(-10).
2, 71
Suppose 0 = r - 4*j - 584, 5*r - 3*j - 35 = 2902. What are the prime factors of r - (4 - (2 - 0) - 4)?
2, 5, 59
Let q be 261/5 + (-36)/(-45). Suppose -9282 = q*y - 67*y. What are the prime factors of y?
3, 13, 17
What are the prime factors of 84/(-231)*561/(-6)*316?
2, 17, 79
Let y(h) = 7*h**3 + 14*h**2 - 69*h + 20. What are the prime factors of y(4)?
2, 13
Let k(n) = -2*n**3 - 4*n**2 + 7*n + 13. Let a be k(-4). Suppose a*g - 41*g - 7744 = 0. What are the prime factors of g?
2, 11
Suppose -11*s = -2*s - 315. Let v = -45 + s. List the prime factors of 1113/(-35)*-4 - 8/v.
2
Suppose 458*b = 456*b + 5*q + 23868, -b = -5*q - 11924. List the prime factors of b.
2, 1493
Let x(h) = 681*h + 1548. List the prime factors of x(33).
3, 17, 157
Let k(q) = q**3 + 27*q**2 - 469*q - 49. What are the prime factors of k(20)?
9371
Let q(c) be the first derivative of 2*c**3/3 + 7*c**2/2 - 3*c - 7. List the prime factors of q(-5).
2, 3
Let g = -77 - -84. Suppose 0 = -g*f + 52 + 921. Suppose p - f - 7 = 0. List the prime factors of p.
2, 73
Suppose -3*j - 4*y + 6997 = 0, 18 = -5*j + 5*y + 11738. Suppose -3194 = -2*k - 2*t, -736 = k - 2*t - j. What are the prime factors of k?
3, 13, 41
Let x be (4 + -4 - 4)/((-2)/(-1)). Let k be (-3)/x*(-10)/(-5). Suppose -k*o + 4*y + 342 = 0, o - y - 114 = -3*y. What are the prime factors of o?
2, 3, 19
Let k = 60908 + -1934. List the prime factors of k.
2, 3, 9829
Suppose 32*f - 5*f + 26643 = 2518689. List the prime factors of f.
2, 3, 15383
List the prime factors of -12994*(-20)/16 - (-42)/(-28).
109, 149
Let f(g) = g**3 + 15*g**2 + 15*g + 19. Let s be f(-14). Suppose 49 = -l + 2*i, -243 = s*l + 4*i - 26. List the prime factors of (l/9)/(5/(-42)).
2, 3, 7
Suppose -9*z + 389103 = 92958. What are the prime factors of z?
5, 6581
Let s be (-2 - (-58)/6)*6/1. Let l = s + -44. Suppose l*c + r + 2*r = 101, -4*c + 4*r + 172 = 0. List the prime factors of c.
2, 23
List the prime factors of 5/(5/4263) + 1 + (8 - 5).
17, 251
Let w(m) = 13*m - 37. Let x be w(3). Suppose -x*q + 15*z + 344 = 12*z, -668 = -4*q + z. List the prime factors of q.
2, 83
Suppose 2*g - k - 38880 = -4*k, 5*g + 5*k = 97200. List the prime factors of g.
2, 3, 5
Let t(r) = 1076*r**2 - 403*r - 1592. List the prime factors of t(-4).
2, 31, 139
Let l(h) = -2*h**3 + 16*h**2 + 4*h - 27. Let o be l(8). What are the prime factors of -1 + o - 1/((-10)/10470)?
1051
Suppose -55545 = -20*f + 132735. What are the prime factors of f?
2, 3, 523
Suppose 3*q + 3*w - 3384 = 0, 3*q + 5*w + 1885 - 5269 = 0. What are the prime factors of q?
2, 3, 47
Suppose 0 = 15*j - 21620 - 79900. What are the prime factors of j?
2, 3, 47
Let r(i) be the third derivative of -3*i**4/4 - 2*i**3/3 + 11*i**2 + 2. What are the prime factors of r(-8)?
2, 5, 7
Let p = 94489 + -43160. What are the prime factors of p?
51329
Let s(p) = p**3 + 4*p**2 + 2. Let r be s(-4). Let q be (r - 1 - (-9 + -2)) + 3. Suppose 0*z + q = 3*z, l = -5*z + 94. What are the prime factors of l?
3, 23
Suppose -3*u - 4*t - 7785 = -4*u, -38940 = -5*u + 5*t. List the prime factors of u.
7789
Suppose 2*n - 3*g - 25721 = -2661, -7*g = 4*n - 46172. What are the prime factors of n?
2, 7, 103
What are the prime factors of 138/(-161) - 1016832/(-112)?
2, 3, 17, 89
Suppose 23*p - 179944 = -5*p + 26*p. List the prime factors of p.
2, 83, 271
Let b(g) = g**3 + 2*g**2 - g - 1. Let l be b(0). Let t(s) = -27*s**3 - s**2 - s. Let o be t(l). What are the prime factors of (o/6)/1*10?
3, 5
Suppose 450*a = 130*a - 129*a + 13350117. List the prime factors of a.
3, 11, 17, 53
Suppose 0 = 20*y + 9*y - 273673. What are the prime factors of y?
9437
List the prime factors of (-535 - 44)*(-17 - (-2)/(-2)*-2).
3, 5, 193
Suppose 3*m + f - 23 = 0, 4*m - 65 + 13 = 4*f. Suppose m*k - 2740 = 4*k. Suppose -p - 3*p = -k. What are the prime factors of p?
137
List the prime factors of 4*(-19)/(-76) - (-1434)/2.
2, 359
Let v(l) = 9*l**3 - l**2 - 2*l + 2. Let u(c) = c + 7. Let t be u(0). Suppose 5*a - 3 - t = 0. What are the prime factors of v(a)?
2, 3, 11
Suppose 0 = 20*o - 90 - 10. Suppose 3*v = o*q + 2619 + 1284, 0 = -4*v - q + 5204. What are the prime factors of v?
1301
What are the prime factors of (0 + 1/(4/(-6314)))/(701/(-5608))?
2, 7, 11, 41
Let p = -66 + 315. Suppose 248*v - p*v = -634. List the prime factors of v.
2, 317
Let t(u) = 48*u**3 + 6*u**2 + 65*u + 96. List the prime factors of t(12).
2, 3, 7057
Let b(n) = 1642*n - 1187. List the prime factors of b(7).
11, 937
Suppose g - 8 = -3*v - v, -4*v = -2*g + 4. Suppose -461 = 5*l - 3*s - 5321, -2*l - g*s + 1918 = 0. List the prime factors of (-4)/6 + 2 + l/9.
109
Let y(d) = -24*d**3 - 6*d**2 + 11*d - 100. What are the prime factors of y(-9)?
16811
Suppose -2*y = -13 + 11. Let x be ((-44)/6)/(y + 8/(-12)). Let w(z) = z + 51. List the prime factors of w(x).
29
Let p = 28449 + -14793. List the prime factors of p.
2, 3, 569
Let z(j) = -j**3 - 29*j**2 + 69*j - 240. What are the prime factors of z(-38)?
2, 3, 563
Let s = -2943 - -8533. List the prime factors of s.
2, 5, 13, 43
Suppose 2*j - 17 + 7 = 0. Suppose -4*v + 924 = c, c = 4*c - j*v - 2772. Suppose 0 = -7*z - 0*z + c. List the prime factors of z.
2, 3, 11
Let c = 1174 + 3537. What are the prime factors of c?
7, 673
Suppose 5*x + 16*u = 20*u - 12, 3*x - 3*u = -9. Let y(h) = -4*h + 740. List the prime factors of y(x).
2, 5, 37
Let j be (-3)/7 - 170/(-70). Suppose -j*v - 85 = -3*a - v, -2*v - 116 = -4*a. What are the p